
8
Suppose -5*m = -10 - 0. Let k(r) = -2*r**m + 0*r**2 - r + 35*r**3 - 34*r**3. Suppose 7*w + n = 3*w + 5, 2*w = -3*n - 5. Give k(w).
-2
Let w = 6 - 1. Let m(u) = -113 - 101 + 206 + 3*u. Let s be m(w). Let h(i) = i**2 - 7*i - 4. Calculate h(s).
-4
Suppose -a = 4*k + 22, -2*a + 3 + 19 = -3*k. Let h(m) = 16*m + 4. Let n(g) = 3*g + 1. Let d(x) = -2*h(x) + 11*n(x). Calculate d(k).
-3
Suppose 7*r = -0*r - 42. Let z(s) = s**3 + 6*s**2 - 1. Let i be z(r). Let b(g) = -22*g - 1. Calculate b(i).
21
Let f(b) be the first derivative of 9*b + 1/2*b**2 - 5. Let r be -4*(-3)/((-36)/21). Calculate f(r).
2
Suppose 0 = -15*y + 7*y + 32. Let q be (-4)/((-1 + 2)/(2/y)). Let b(a) = -5*a. Give b(q).
10
Let n(k) = 7*k**2 + 1. Let z(i) = -i**3 - 28*i**2 + i + 3. Let s(q) = 3*n(q) + z(q). Determine s(-7).
-1
Let n(j) = -7*j + 3. Suppose 0 = -5*t + 1 - 11. Let d be t - -4 - (2 + -3). Suppose h - 4*h = -d*q, -5*h + 4*q + 2 = 0. Determine n(h).
-11
Let n(x) = x**2 - 7. Let l be 0*((-6)/(-12))/((-2)/2). What is n(l)?
-7
Let s(d) be the third derivative of -d**9/60480 + d**8/5040 - d**7/1260 + d**6/360 - d**5/4 - 28*d**2. Let t(b) be the third derivative of s(b). What is t(3)?
-1
Let f = 95 - 44. Let i = -46 + f. Let n(m) = -m**2 + 5*m - 7. Calculate n(i).
-7
Let x(s) = 5*s**2. Let j(u) = -u**2 - 10*u - 16. Let f be j(-8). Let y = f - -1. Give x(y).
5
Let s(o) = -11 - 7*o - 5 + 6 - 7*o**2. Let y(k) = -11*k**2 - 10*k - 15. Let d(c) = -8*s(c) + 5*y(c). Let m be -5 + 2 + -2 + 0. What is d(m)?
0
Let z = 2 - -1. Suppose -3*j + 22 = -4*a, -a - 8 + 0 = -2*j. Let u(x) = -2*x - 4*x - 1 + x**j + 3*x - 1. What is u(z)?
-2
Let f(m) = -2*m**2 + 1. Suppose 18*x = 133 - 43. What is f(x)?
-49
Suppose 0 = -r, -2*y + 0 = 2*r - 24. Let j be (-18)/4*y/(-18). Suppose t - u = -0*u - 5, j*t + 3*u = -9. Let i(k) = -k - 8. Calculate i(t).
-4
Let n(i) = -i + 20. Let b = -636 - -643. What is n(b)?
13
Let d(b) be the third derivative of -b**5/30 + b**3/2 + 4*b**2 - 5. What is d(-2)?
-5
Let j be (21/9)/((-2)/6). Let h(a) = 6*a**3 - 11*a**2 - 6*a + 9. Let v(m) = -5*m**3 + 10*m**2 + 5*m - 8. Let n(b) = j*v(b) - 6*h(b). Calculate n(-4).
-2
Let y(p) = p**2 - 7*p - 6. Let j(g) = 2*g**2 - 15*g - 12. Suppose 5*o = -o + 12. Let a(n) = o*j(n) - 5*y(n). What is a(6)?
0
Let i(w) = w - 1. Let h be (0 + 8 - 9) + 0/(-1). Let c be (4 + -10)/(h - -3). What is i(c)?
-4
Let p(z) = -3*z + 8. Let s(n) = -2*n + 5. Let l(h) = -4*p(h) + 5*s(h). Determine l(9).
11
Let h = 392 + -392. Let s(l) = l**3 - l**2 + l - 3. What is s(h)?
-3
Let a(w) = 4*w**2 + 8*w**2 + w**2 - w. Calculate a(1).
12
Suppose 0 = 201*g - 198*g - 15. Let m(i) = -i**3 + 5*i**2 - 2*i + 7. Give m(g).
-3
Suppose -2*t + 1 = -16*o + 15*o, -o + 4*t + 1 = 0. Let b(y) = -3*y**2 - 6*y + 4. Calculate b(o).
-5
Let k(p) be the second derivative of 5*p + 0 + 1/3*p**3 + 5/2*p**2. Let i(y) = y + 3. Let o(g) = 5*i(g) - 3*k(g). What is o(7)?
-7
Let b(o) = -o**3 - 8*o**2 - 9*o - 2. Let w(j) = j**2 - 11*j + 23. Let g be w(7). Let n = g + -2. Give b(n).
12
Let y be ((-9)/27)/(2/(-48)). Let n(a) = -a**2 + 7*a + 9. Give n(y).
1
Let c(h) = -7*h + 9. Let w(u) = 27*u - 26. Let x(v) = -22*c(v) - 6*w(v). Determine x(-5).
-2
Let f(a) = -16*a**2 - a. Let o be (2/(-5))/((-11)/110). Suppose -4*c + 12 = -o*v, 2 - 8 = -3*v. Suppose 5*h + 0 = -c. Determine f(h).
-15
Let a be 6/(-4) + (-17)/(510/(-165)). Let v(c) = -4*c + 7. Determine v(a).
-9
Let b(k) = k**3 + 5*k**2 - 4*k + 8. Let l be ((-75)/125)/(-1*2/(-20)). Give b(l).
-4
Let h(q) = -12*q**3 - 15*q**2 + q + 39 - 27 + 11*q**3. Calculate h(-15).
-3
Suppose 6 = 2*b - 0. Let y(c) = -2*c**2 - c**b - 3*c + 7 - c**2 - 8. Give y(-2).
1
Let f(r) = 1. Let k(p) = -p**3 + 6*p**2 - 4*p - 4. Let t(l) = -2*f(l) - k(l). What is t(4)?
-14
Suppose -6*g = 6 - 18. Let b(r) be the first derivative of 5 - 1/2*r**g + 6*r. Determine b(-6).
12
Let y(n) = 2*n**3 - 2*n**2 - 20*n + 4. Let g(o) = -o**3 + o**2 + 9*o - 2. Let w(r) = -5*g(r) - 2*y(r). Suppose -2*t - 2 = -8. Calculate w(t).
5
Let n(r) = -r**2 - 3*r - 17. Let a(g) = -g**2 - g - 18. Let v(l) = -4*a(l) + 5*n(l). Determine v(-10).
-3
Let a(u) = -2*u - 8. Let g be a(-4). Let z(i) = -10 + 8 + i**2 + i + g. Give z(0).
-2
Let y(d) be the third derivative of d**5/60 + 5*d**4/12 + d**3 - 7*d**2 - d. What is y(-9)?
-3
Let f(j) be the third derivative of -1/30*j**5 - 1/6*j**3 - 12*j - 3*j**2 + 0 - 1/12*j**4. Calculate f(-3).
-13
Let f(m) = m**3 + 2*m**2 - 4. Suppose -6 = -p - 8. Let l be f(p). Let n(q) = q**3 + 4*q**2 - 3*q + 3. Determine n(l).
15
Suppose -o = 5*n - 66, n + 118 = 3*o - 0*n. Let h(p) = 81*p**3 - 8*p - 7*p**2 - o*p**3 + 1 - 39*p**3. Give h(8).
1
Let p(r) = -5*r - 1. Let w(f) = -f**2 + 23*f + 4. Let a(n) = 10*p(n) + 2*w(n). Calculate a(-3).
-8
Let c be 8 + 25 + (-1968)/72 + 4/(-6). Let o(x) be the third derivative of -x**5/60 + x**4/3 - x**3/2 - x**2. Determine o(c).
12
Let q(y) = 3*y - 20. Let s be (-3)/6 - 841/(-58). Calculate q(s).
22
Let x(f) be the third derivative of f**5/30 + f**4/12 + f**3/2 - 29*f**2 - f. What is x(-2)?
7
Suppose 0 = -3*y + 5*w - 0*w - 11, 0 = 2*w - 2. Let a(q) = 3*q**2 + 2*q. Give a(y).
8
Let l(w) = 9*w**2 - 17*w - 37. Let z = -68 + 85. Let b(c) = -3*c**2 + 6*c + 13. Let j(t) = z*b(t) + 6*l(t). Determine j(1).
2
Let j be 32/6 - 6/18. Let k(y) = 3*y**3 - 4*y**2 - 20*y - 13. Let x(u) = 2*u**3 - 3*u**2 - 13*u - 9. Let s = 3 - -2. Let t(b) = s*k(b) - 8*x(b). What is t(j)?
2
Let b(s) = s**3 - 2*s**2 - s - 12. Let m(o) = -2*o**2 - o + 1. Let x(y) = -b(y) - 2*m(y). Calculate x(7).
-18
Let a(k) = 2*k**3 + 5*k**2 - 18*k - 18. Let g be a(-4). Let r(j) = j**2 - 10*j + 8. What is r(g)?
-16
Let g(c) = 3*c - 1. Let f(z) = 10*z + 54. Let y(u) = u**2 - 9*u - 5. Let v be y(9). Let q be f(v). Determine g(q).
11
Let n(c) = -c**3 - 8*c**2 - 6*c - 2. Let z(i) be the second derivative of i**4/12 + i**2/2 - 26*i. Let u(f) = -n(f) - z(f). Give u(-6).
1
Let u(p) = -2*p**2 + 23*p + 10. Let s(i) = -i**2 + 11*i + 5. Let v(y) = -13*s(y) + 6*u(y). Suppose 26 = x + x. Let w = -8 + x. Determine v(w).
-5
Let y(v) = 4*v**2 + 533*v - 533*v - 1. Let m(r) = r**2 - r - 21. Let l be m(5). Calculate y(l).
3
Let y(t) = 17687 + 11*t - 17688 + 25*t**3 - 10*t. What is y(1)?
25
Let j(r) be the third derivative of -r**4/24 + 4*r**3 + 414*r**2. Calculate j(6).
18
Let t = 7 - 11. Let a = -138 + 133. Let h = a - t. Let m(c) = 5*c**3 + c**2. Determine m(h).
-4
Let i be (0/(-2))/((-8)/6*21/14). Let m(q) = 3 + q**2 + 4*q + 3 - 5*q. What is m(i)?
6
Let l(h) = -h**2 - 2*h - 1. Let n = 50 + -5. Suppose -s - n = -42. Calculate l(s).
-4
Suppose -2*p + 2*h = -22, 2*p + 0*h - 17 = h. Let w(d) = d**2 - 10*d + 23. Let r be w(7). Let y be r*p/4 + -6. Let u(j) = -j**3 - 4*j**2 - 4*j. Calculate u(y).
3
Let l be (2 - (-16 + 7)) + -5 + -1. Let g(a) be the third derivative of 0 + 0*a**3 + 1/24*a**4 + 0*a + l*a**2. What is g(-4)?
-4
Let v(k) = -13*k - k**2 - 6*k - 29 - 3*k + 8*k. Determine v(-12).
-5
Let q(t) = -9*t**2 + 12*t**2 - 6 - 8*t**2 - t**3 - 4*t**2 + t**2. Determine q(-8).
-6
Let u be 3 - -3 - (-20 - -26). Let v(c) = c - 13. Determine v(u).
-13
Let j(p) be the second derivative of 12*p - 13/2*p**2 + 1/6*p**3 + 0. Let n = 4 + -4. Give j(n).
-13
Let i(s) = -5*s**2 + 1. Let l(v) = -7*v + 293. Let m be l(42). Determine i(m).
-4
Let p = -2837 - -2842. Let w(k) = -k**3 + 5*k**2 + 2*k + 3. Give w(p).
13
Let x(p) be the second derivative of -p**4/6 + p**3/2 - 7*p**2/2 - 22*p. Let v(s) = -3*s**2 + 5*s - 11. Let d(q) = -5*v(q) + 8*x(q). Give d(2).
-7
Let t(g) = -g**3 - 6*g**2 + 5*g + 3. Suppose 0 = -23*i + 39 - 200. Calculate t(i).
17
Suppose -g = -4*w + 32 - 13, 2*g = -4*w + 22. Let i(l) = -16*l**3 + 1. Calculate i(g).
-15
Let k(o) = 5*o + 5. Let j be k(7). Let r be 8/(-56) - 15/(-7). Suppose -j = 5*b - 4*f, 5*f - 35 = 5*b + r*f. Let h(u) = -u**2 - 3*u + 5. What is h(b)?
1
Let q(s) = -s**3 + 7*s**2 + 10*s - 10. Suppose i - 10 + 2 = v, 4*i + v = 32. Let b be q(i). Let g(t) = 7 + t**3 + 3*t + 3*t - 2*t**3 + 5*t**2. Give g(b).
7
Let r(a) = 2*a**3 + 3*a + 5 + 4*a - 4*a**2 - 3*a**3. Suppose -50 = 7*t + 3*t. What is r(t)?
-5
Let t(j) = 12 - 16 + j + 12 + 8. Let b = 27 - 39. What is t(b)?
4
Let q(w) = -w**2 - 4*w + 2. Let d be (-20)/(-3*(-2)/(-3)). Suppose 6*m + 3*h - 35 = 2*m, -25 = -4*m - h. Let k = m - d. What is q(k)?
-3
Let y(l) = -l**2